{"id":109,"date":"2024-09-17T16:51:07","date_gmt":"2024-09-17T14:51:07","guid":{"rendered":"https:\/\/kinesiomag.com\/?page_id=109"},"modified":"2024-11-22T10:54:49","modified_gmt":"2024-11-22T09:54:49","slug":"seance-tarif","status":"publish","type":"page","link":"https:\/\/kinesiomag.com\/index.php\/ma-pratique\/seance-tarif\/","title":{"rendered":"S\u00e9ance \/ tarif"},"content":{"rendered":"\t\t<div data-elementor-type=\"wp-page\" data-elementor-id=\"109\" class=\"elementor elementor-109\">\n\t\t\t\t<div class=\"elementor-element elementor-element-6e6c457 e-flex e-con-boxed e-con e-parent\" data-id=\"6e6c457\" data-element_type=\"container\" data-e-type=\"container\">\n\t\t\t\t\t<div class=\"e-con-inner\">\n\t\t\t\t<div class=\"elementor-element elementor-element-b0e824e elementor-widget elementor-widget-heading\" data-id=\"b0e824e\" data-element_type=\"widget\" data-e-type=\"widget\" data-widget_type=\"heading.default\">\n\t\t\t\t<div class=\"elementor-widget-container\">\n\t\t\t\t\t<h2 class=\"elementor-heading-title elementor-size-default\">Comment se d\u00e9roule une s\u00e9ance ?<\/h2>\t\t\t\t<\/div>\n\t\t\t\t<\/div>\n\t\t\t\t<div class=\"elementor-element elementor-element-4ab8485 elementor-widget elementor-widget-text-editor\" data-id=\"4ab8485\" data-element_type=\"widget\" data-e-type=\"widget\" data-widget_type=\"text-editor.default\">\n\t\t\t\t<div class=\"elementor-widget-container\">\n\t\t\t\t\t\t\t\t\t<p>La s\u00e9ance dure la plupart du temps <strong>entre 1h et 1h30<\/strong>. Chaque s\u00e9ance est unique et je m&#8217;adapte \u00e0 vous le jour de votre venue.<\/p>\t\t\t\t\t\t\t\t<\/div>\n\t\t\t\t<\/div>\n\t\t\t\t\t<\/div>\n\t\t\t\t<\/div>\n\t\t<div class=\"elementor-element elementor-element-953c5ab e-flex e-con-boxed e-con e-parent\" data-id=\"953c5ab\" data-element_type=\"container\" data-e-type=\"container\">\n\t\t\t\t\t<div class=\"e-con-inner\">\n\t\t<div class=\"elementor-element elementor-element-af64d69 e-con-full e-flex e-con e-child\" data-id=\"af64d69\" data-element_type=\"container\" data-e-type=\"container\">\n\t\t\t\t<div class=\"elementor-element elementor-element-92d3078 elementor-widget elementor-widget-text-editor\" data-id=\"92d3078\" data-element_type=\"widget\" data-e-type=\"widget\" data-widget_type=\"text-editor.default\">\n\t\t\t\t<div class=\"elementor-widget-container\">\n\t\t\t\t\t\t\t\t\t<p>Nous commencerons par un \u00e9change verbal, vous permettant de m\u2019expliquer votre probl\u00e9matique et surtout d\u2019exprimer votre besoin et vos attentes. Ce temps de d\u00e9but de s\u00e9ance nous donne l\u2019occasion de faire un peu connaissance afin que vous comme moi soyons le plus \u00e0 l\u2019aise possible durant la s\u00e9ance.<\/p>\t\t\t\t\t\t\t\t<\/div>\n\t\t\t\t<\/div>\n\t\t\t\t<\/div>\n\t\t<div class=\"elementor-element elementor-element-e0147f6 e-con-full e-flex e-con e-child\" data-id=\"e0147f6\" data-element_type=\"container\" data-e-type=\"container\">\n\t\t\t\t<div class=\"elementor-element elementor-element-f3c9fc8 elementor-widget elementor-widget-image\" data-id=\"f3c9fc8\" data-element_type=\"widget\" data-e-type=\"widget\" data-widget_type=\"image.default\">\n\t\t\t\t<div class=\"elementor-widget-container\">\n\t\t\t\t\t\t\t\t\t\t\t\t\t\t\t<img fetchpriority=\"high\" decoding=\"async\" width=\"225\" height=\"225\" src=\"https:\/\/kinesiomag.com\/wp-content\/uploads\/2024\/11\/Discussion.jpg\" class=\"attachment-medium size-medium wp-image-508\" alt=\"\" srcset=\"https:\/\/kinesiomag.com\/wp-content\/uploads\/2024\/11\/Discussion.jpg 225w, https:\/\/kinesiomag.com\/wp-content\/uploads\/2024\/11\/Discussion-150x150.jpg 150w\" sizes=\"(max-width: 225px) 100vw, 225px\" \/>\t\t\t\t\t\t\t\t\t\t\t\t\t\t\t<\/div>\n\t\t\t\t<\/div>\n\t\t\t\t<\/div>\n\t\t\t\t\t<\/div>\n\t\t\t\t<\/div>\n\t\t<div class=\"elementor-element elementor-element-bf08b17 e-flex e-con-boxed e-con e-parent\" data-id=\"bf08b17\" data-element_type=\"container\" data-e-type=\"container\">\n\t\t\t\t\t<div class=\"e-con-inner\">\n\t\t<div class=\"elementor-element elementor-element-a0b43c7 e-con-full e-flex e-con e-child\" data-id=\"a0b43c7\" data-element_type=\"container\" data-e-type=\"container\">\n\t\t\t\t<div class=\"elementor-element elementor-element-e6b47f2 elementor-widget elementor-widget-image\" data-id=\"e6b47f2\" data-element_type=\"widget\" data-e-type=\"widget\" data-widget_type=\"image.default\">\n\t\t\t\t<div class=\"elementor-widget-container\">\n\t\t\t\t\t\t\t\t\t\t\t\t\t\t\t<img decoding=\"async\" width=\"259\" height=\"194\" src=\"https:\/\/kinesiomag.com\/wp-content\/uploads\/2024\/11\/puzzle.jpg\" class=\"attachment-large size-large wp-image-516\" alt=\"\" \/>\t\t\t\t\t\t\t\t\t\t\t\t\t\t\t<\/div>\n\t\t\t\t<\/div>\n\t\t\t\t<\/div>\n\t\t<div class=\"elementor-element elementor-element-a7d7cdf e-con-full e-flex e-con e-child\" data-id=\"a7d7cdf\" data-element_type=\"container\" data-e-type=\"container\">\n\t\t\t\t<div class=\"elementor-element elementor-element-ab62268 elementor-widget elementor-widget-text-editor\" data-id=\"ab62268\" data-element_type=\"widget\" data-e-type=\"widget\" data-widget_type=\"text-editor.default\">\n\t\t\t\t<div class=\"elementor-widget-container\">\n\t\t\t\t\t\t\t\t\t<p>Vous pourrez ensuite vous mettre en position allong\u00e9e, en restant compl\u00e8tement habill\u00e9, afin que nous puissions \u00e9couter les informations que votre corps veut bien nous transmettre. En effet, gr\u00e2ce au test musculaire, c&#8217;est l\u00e0 que commence le dialogue entre corps et th\u00e9rapeute, qui nous guidera tout au long de la s\u00e9ance. Nous irons alors explorer votre probl\u00e9matique, un peu plus en profondeur et particuli\u00e8rement les \u00e9motions qui y sont associ\u00e9es.<\/p>\t\t\t\t\t\t\t\t<\/div>\n\t\t\t\t<\/div>\n\t\t\t\t<\/div>\n\t\t\t\t\t<\/div>\n\t\t\t\t<\/div>\n\t\t<div class=\"elementor-element elementor-element-da9ca01 e-flex e-con-boxed e-con e-parent\" data-id=\"da9ca01\" data-element_type=\"container\" data-e-type=\"container\">\n\t\t\t\t\t<div class=\"e-con-inner\">\n\t\t<div class=\"elementor-element elementor-element-51cd9b0 e-con-full e-flex e-con e-child\" data-id=\"51cd9b0\" data-element_type=\"container\" data-e-type=\"container\">\n\t\t\t\t<div class=\"elementor-element elementor-element-19ade06 elementor-widget elementor-widget-text-editor\" data-id=\"19ade06\" data-element_type=\"widget\" data-e-type=\"widget\" data-widget_type=\"text-editor.default\">\n\t\t\t\t<div class=\"elementor-widget-container\">\n\t\t\t\t\t\t\t\t\t<p>Arrive alors la phase d&#8217;\u00e9quilibration, processus tr\u00e8s doux permettant la lib\u00e9ration du stress ou de l&#8217;\u00e9motion. Toujours \u00e0 l&#8217;aide du test musculaire, je suis guid\u00e9e par votre corps auquel je propose toute ma boite \u00e0 outils et c&#8217;est lui qui choisi ce dont il a besoin \u00e0 ce moment m\u00eame. Notre corps a des ressources insoup\u00e7onn\u00e9es, en l&#8217;\u00e9coutant il sait nous conduire vers le bon chemin.<\/p>\t\t\t\t\t\t\t\t<\/div>\n\t\t\t\t<\/div>\n\t\t\t\t<\/div>\n\t\t<div class=\"elementor-element elementor-element-8b31aa0 e-con-full e-flex e-con e-child\" data-id=\"8b31aa0\" data-element_type=\"container\" data-e-type=\"container\">\n\t\t\t\t<div class=\"elementor-element elementor-element-08c18b9 elementor-widget elementor-widget-image\" data-id=\"08c18b9\" data-element_type=\"widget\" data-e-type=\"widget\" data-widget_type=\"image.default\">\n\t\t\t\t<div class=\"elementor-widget-container\">\n\t\t\t\t\t\t\t\t\t\t\t\t\t\t\t<img decoding=\"async\" width=\"224\" height=\"224\" src=\"https:\/\/kinesiomag.com\/wp-content\/uploads\/2024\/11\/direction.png\" class=\"attachment-large size-large wp-image-525\" alt=\"\" srcset=\"https:\/\/kinesiomag.com\/wp-content\/uploads\/2024\/11\/direction.png 224w, https:\/\/kinesiomag.com\/wp-content\/uploads\/2024\/11\/direction-150x150.png 150w\" sizes=\"(max-width: 224px) 100vw, 224px\" \/>\t\t\t\t\t\t\t\t\t\t\t\t\t\t\t<\/div>\n\t\t\t\t<\/div>\n\t\t\t\t<\/div>\n\t\t\t\t\t<\/div>\n\t\t\t\t<\/div>\n\t\t<div class=\"elementor-element elementor-element-5877c03 e-flex e-con-boxed e-con e-parent\" data-id=\"5877c03\" data-element_type=\"container\" data-e-type=\"container\">\n\t\t\t\t\t<div class=\"e-con-inner\">\n\t\t\t\t<div class=\"elementor-element elementor-element-200af41 elementor-widget elementor-widget-heading\" data-id=\"200af41\" data-element_type=\"widget\" data-e-type=\"widget\" data-widget_type=\"heading.default\">\n\t\t\t\t<div class=\"elementor-widget-container\">\n\t\t\t\t\t<h1 class=\"elementor-heading-title elementor-size-default\">Tarif de la s\u00e9ance : 60\u20ac<\/h1>\t\t\t\t<\/div>\n\t\t\t\t<\/div>\n\t\t\t\t\t<\/div>\n\t\t\t\t<\/div>\n\t\t<div class=\"elementor-element elementor-element-da04d76 e-flex e-con-boxed e-con e-parent\" data-id=\"da04d76\" data-element_type=\"container\" data-e-type=\"container\">\n\t\t\t\t\t<div class=\"e-con-inner\">\n\t\t\t\t<div class=\"elementor-element elementor-element-1a3cda2 elementor-button-success elementor-align-center elementor-widget elementor-widget-button\" data-id=\"1a3cda2\" data-element_type=\"widget\" data-e-type=\"widget\" data-widget_type=\"button.default\">\n\t\t\t\t<div class=\"elementor-widget-container\">\n\t\t\t\t\t\t\t\t\t<div class=\"elementor-button-wrapper\">\n\t\t\t\t\t<a class=\"elementor-button elementor-button-link elementor-size-sm\" href=\"https:\/\/calendly.com\/kinesiomag\/seance-de-kinesiologie\" target=\"_blank\">\n\t\t\t\t\t\t<span class=\"elementor-button-content-wrapper\">\n\t\t\t\t\t\t<span class=\"elementor-button-icon\">\n\t\t\t\t<svg aria-hidden=\"true\" class=\"e-font-icon-svg e-far-calendar-alt\" viewBox=\"0 0 448 512\" xmlns=\"http:\/\/www.w3.org\/2000\/svg\"><path d=\"M148 288h-40c-6.6 0-12-5.4-12-12v-40c0-6.6 5.4-12 12-12h40c6.6 0 12 5.4 12 12v40c0 6.6-5.4 12-12 12zm108-12v-40c0-6.6-5.4-12-12-12h-40c-6.6 0-12 5.4-12 12v40c0 6.6 5.4 12 12 12h40c6.6 0 12-5.4 12-12zm96 0v-40c0-6.6-5.4-12-12-12h-40c-6.6 0-12 5.4-12 12v40c0 6.6 5.4 12 12 12h40c6.6 0 12-5.4 12-12zm-96 96v-40c0-6.6-5.4-12-12-12h-40c-6.6 0-12 5.4-12 12v40c0 6.6 5.4 12 12 12h40c6.6 0 12-5.4 12-12zm-96 0v-40c0-6.6-5.4-12-12-12h-40c-6.6 0-12 5.4-12 12v40c0 6.6 5.4 12 12 12h40c6.6 0 12-5.4 12-12zm192 0v-40c0-6.6-5.4-12-12-12h-40c-6.6 0-12 5.4-12 12v40c0 6.6 5.4 12 12 12h40c6.6 0 12-5.4 12-12zm96-260v352c0 26.5-21.5 48-48 48H48c-26.5 0-48-21.5-48-48V112c0-26.5 21.5-48 48-48h48V12c0-6.6 5.4-12 12-12h40c6.6 0 12 5.4 12 12v52h128V12c0-6.6 5.4-12 12-12h40c6.6 0 12 5.4 12 12v52h48c26.5 0 48 21.5 48 48zm-48 346V160H48v298c0 3.3 2.7 6 6 6h340c3.3 0 6-2.7 6-6z\"><\/path><\/svg>\t\t\t<\/span>\n\t\t\t\t\t\t\t\t\t<span class=\"elementor-button-text\">rdv en ligne<\/span>\n\t\t\t\t\t<\/span>\n\t\t\t\t\t<\/a>\n\t\t\t\t<\/div>\n\t\t\t\t\t\t\t\t<\/div>\n\t\t\t\t<\/div>\n\t\t\t\t\t<\/div>\n\t\t\t\t<\/div>\n\t\t\t\t<\/div>\n\t\t","protected":false},"excerpt":{"rendered":"<p>Comment se d\u00e9roule une s\u00e9ance ? La s\u00e9ance dure la plupart du temps entre 1h et 1h30. Chaque s\u00e9ance est [&hellip;]<\/p>\n","protected":false},"author":1,"featured_media":0,"parent":106,"menu_order":4,"comment_status":"closed","ping_status":"closed","template":"","meta":{"site-sidebar-layout":"no-sidebar","site-content-layout":"","ast-site-content-layout":"full-width-container","site-content-style":"default","site-sidebar-style":"default","ast-global-header-display":"","ast-banner-title-visibility":"","ast-main-header-display":"","ast-hfb-above-header-display":"","ast-hfb-below-header-display":"","ast-hfb-mobile-header-display":"","site-post-title":"disabled","ast-breadcrumbs-content":"","ast-featured-img":"disabled","footer-sml-layout":"","theme-transparent-header-meta":"","adv-header-id-meta":"","stick-header-meta":"","header-above-stick-meta":"","header-main-stick-meta":"","header-below-stick-meta":"","astra-migrate-meta-layouts":"default","ast-page-background-enabled":"default","ast-page-background-meta":{"desktop":{"background-color":"var(--ast-global-color-4)","background-image":"","background-repeat":"repeat","background-position":"center center","background-size":"auto","background-attachment":"scroll","background-type":"","background-media":"","overlay-type":"","overlay-color":"","overlay-opacity":"","overlay-gradient":""},"tablet":{"background-color":"","background-image":"","background-repeat":"repeat","background-position":"center center","background-size":"auto","background-attachment":"scroll","background-type":"","background-media":"","overlay-type":"","overlay-color":"","overlay-opacity":"","overlay-gradient":""},"mobile":{"background-color":"","background-image":"","background-repeat":"repeat","background-position":"center center","background-size":"auto","background-attachment":"scroll","background-type":"","background-media":"","overlay-type":"","overlay-color":"","overlay-opacity":"","overlay-gradient":""}},"ast-content-background-meta":{"desktop":{"background-color":"var(--ast-global-color-5)","background-image":"","background-repeat":"repeat","background-position":"center center","background-size":"auto","background-attachment":"scroll","background-type":"","background-media":"","overlay-type":"","overlay-color":"","overlay-opacity":"","overlay-gradient":""},"tablet":{"background-color":"var(--ast-global-color-5)","background-image":"","background-repeat":"repeat","background-position":"center center","background-size":"auto","background-attachment":"scroll","background-type":"","background-media":"","overlay-type":"","overlay-color":"","overlay-opacity":"","overlay-gradient":""},"mobile":{"background-color":"var(--ast-global-color-5)","background-image":"","background-repeat":"repeat","background-position":"center center","background-size":"auto","background-attachment":"scroll","background-type":"","background-media":"","overlay-type":"","overlay-color":"","overlay-opacity":"","overlay-gradient":""}},"footnotes":""},"class_list":["post-109","page","type-page","status-publish","hentry"],"yoast_head":"<!-- This site is optimized with the Yoast SEO plugin v24.6 - https:\/\/yoast.com\/wordpress\/plugins\/seo\/ -->\n<title>S\u00e9ance \/ tarif - Magali DE BERNARDO kin\u00e9siologue<\/title>\n<meta name=\"robots\" content=\"index, follow, max-snippet:-1, max-image-preview:large, max-video-preview:-1\" \/>\n<link rel=\"canonical\" href=\"https:\/\/kinesiomag.com\/index.php\/ma-pratique\/seance-tarif\/\" \/>\n<meta property=\"og:locale\" content=\"en_US\" \/>\n<meta property=\"og:type\" content=\"article\" \/>\n<meta property=\"og:title\" content=\"S\u00e9ance \/ tarif - Magali DE BERNARDO kin\u00e9siologue\" \/>\n<meta property=\"og:description\" content=\"Comment se d\u00e9roule une s\u00e9ance ? La s\u00e9ance dure la plupart du temps entre 1h et 1h30. Chaque s\u00e9ance est [&hellip;]\" \/>\n<meta property=\"og:url\" content=\"https:\/\/kinesiomag.com\/index.php\/ma-pratique\/seance-tarif\/\" \/>\n<meta property=\"og:site_name\" content=\"Magali DE BERNARDO kin\u00e9siologue\" \/>\n<meta property=\"article:publisher\" content=\"https:\/\/www.facebook.com\/people\/Kinsiomag\/61565519487258\/?_rdr\" \/>\n<meta property=\"article:modified_time\" content=\"2024-11-22T09:54:49+00:00\" \/>\n<meta property=\"og:image\" content=\"http:\/\/kinesiomag.com\/wp-content\/uploads\/2024\/11\/Discussion.jpg\" \/>\n<meta name=\"twitter:card\" content=\"summary_large_image\" \/>\n<meta name=\"twitter:label1\" content=\"Est. reading time\" \/>\n\t<meta name=\"twitter:data1\" content=\"1 minute\" \/>\n<script type=\"application\/ld+json\" class=\"yoast-schema-graph\">{\"@context\":\"https:\/\/schema.org\",\"@graph\":[{\"@type\":\"WebPage\",\"@id\":\"https:\/\/kinesiomag.com\/index.php\/ma-pratique\/seance-tarif\/\",\"url\":\"https:\/\/kinesiomag.com\/index.php\/ma-pratique\/seance-tarif\/\",\"name\":\"S\u00e9ance \/ tarif - Magali DE BERNARDO kin\u00e9siologue\",\"isPartOf\":{\"@id\":\"https:\/\/kinesiomag.com\/#website\"},\"primaryImageOfPage\":{\"@id\":\"https:\/\/kinesiomag.com\/index.php\/ma-pratique\/seance-tarif\/#primaryimage\"},\"image\":{\"@id\":\"https:\/\/kinesiomag.com\/index.php\/ma-pratique\/seance-tarif\/#primaryimage\"},\"thumbnailUrl\":\"http:\/\/kinesiomag.com\/wp-content\/uploads\/2024\/11\/Discussion.jpg\",\"datePublished\":\"2024-09-17T14:51:07+00:00\",\"dateModified\":\"2024-11-22T09:54:49+00:00\",\"breadcrumb\":{\"@id\":\"https:\/\/kinesiomag.com\/index.php\/ma-pratique\/seance-tarif\/#breadcrumb\"},\"inLanguage\":\"en-US\",\"potentialAction\":[{\"@type\":\"ReadAction\",\"target\":[\"https:\/\/kinesiomag.com\/index.php\/ma-pratique\/seance-tarif\/\"]}]},{\"@type\":\"ImageObject\",\"inLanguage\":\"en-US\",\"@id\":\"https:\/\/kinesiomag.com\/index.php\/ma-pratique\/seance-tarif\/#primaryimage\",\"url\":\"https:\/\/kinesiomag.com\/wp-content\/uploads\/2024\/11\/Discussion.jpg\",\"contentUrl\":\"https:\/\/kinesiomag.com\/wp-content\/uploads\/2024\/11\/Discussion.jpg\",\"width\":225,\"height\":225},{\"@type\":\"BreadcrumbList\",\"@id\":\"https:\/\/kinesiomag.com\/index.php\/ma-pratique\/seance-tarif\/#breadcrumb\",\"itemListElement\":[{\"@type\":\"ListItem\",\"position\":1,\"name\":\"Home\",\"item\":\"https:\/\/kinesiomag.com\/\"},{\"@type\":\"ListItem\",\"position\":2,\"name\":\"Ma pratique\",\"item\":\"https:\/\/kinesiomag.com\/index.php\/ma-pratique\/\"},{\"@type\":\"ListItem\",\"position\":3,\"name\":\"S\u00e9ance \/ tarif\"}]},{\"@type\":\"WebSite\",\"@id\":\"https:\/\/kinesiomag.com\/#website\",\"url\":\"https:\/\/kinesiomag.com\/\",\"name\":\"kinesiomag.com\",\"description\":\"\",\"publisher\":{\"@id\":\"https:\/\/kinesiomag.com\/#\/schema\/person\/1d66dbcf8555669351f8108b71694e79\"},\"alternateName\":\"Magali DE BERNARDO kin\u00e9siologue\",\"potentialAction\":[{\"@type\":\"SearchAction\",\"target\":{\"@type\":\"EntryPoint\",\"urlTemplate\":\"https:\/\/kinesiomag.com\/?s={search_term_string}\"},\"query-input\":{\"@type\":\"PropertyValueSpecification\",\"valueRequired\":true,\"valueName\":\"search_term_string\"}}],\"inLanguage\":\"en-US\"},{\"@type\":[\"Person\",\"Organization\"],\"@id\":\"https:\/\/kinesiomag.com\/#\/schema\/person\/1d66dbcf8555669351f8108b71694e79\",\"name\":\"Magali DE BERNARDO kin\u00e9siologue\",\"image\":{\"@type\":\"ImageObject\",\"inLanguage\":\"en-US\",\"@id\":\"https:\/\/kinesiomag.com\/#\/schema\/person\/image\/\",\"url\":\"https:\/\/kinesiomag.com\/wp-content\/uploads\/2024\/09\/cropped-LOGO_1-1.png\",\"contentUrl\":\"https:\/\/kinesiomag.com\/wp-content\/uploads\/2024\/09\/cropped-LOGO_1-1.png\",\"width\":490,\"height\":485,\"caption\":\"Magali DE BERNARDO kin\u00e9siologue\"},\"logo\":{\"@id\":\"https:\/\/kinesiomag.com\/#\/schema\/person\/image\/\"},\"sameAs\":[\"http:\/\/kinesiomag.com\",\"https:\/\/www.facebook.com\/people\/Kinsiomag\/61565519487258\/?_rdr\",\"https:\/\/www.instagram.com\/magdb.kinesiologue\/\"]}]}<\/script>\n<!-- \/ Yoast SEO plugin. -->","yoast_head_json":{"title":"S\u00e9ance \/ tarif - Magali DE BERNARDO kin\u00e9siologue","robots":{"index":"index","follow":"follow","max-snippet":"max-snippet:-1","max-image-preview":"max-image-preview:large","max-video-preview":"max-video-preview:-1"},"canonical":"https:\/\/kinesiomag.com\/index.php\/ma-pratique\/seance-tarif\/","og_locale":"en_US","og_type":"article","og_title":"S\u00e9ance \/ tarif - Magali DE BERNARDO kin\u00e9siologue","og_description":"Comment se d\u00e9roule une s\u00e9ance ? La s\u00e9ance dure la plupart du temps entre 1h et 1h30. Chaque s\u00e9ance est [&hellip;]","og_url":"https:\/\/kinesiomag.com\/index.php\/ma-pratique\/seance-tarif\/","og_site_name":"Magali DE BERNARDO kin\u00e9siologue","article_publisher":"https:\/\/www.facebook.com\/people\/Kinsiomag\/61565519487258\/?_rdr","article_modified_time":"2024-11-22T09:54:49+00:00","og_image":[{"url":"http:\/\/kinesiomag.com\/wp-content\/uploads\/2024\/11\/Discussion.jpg","type":"","width":"","height":""}],"twitter_card":"summary_large_image","twitter_misc":{"Est. reading time":"1 minute"},"schema":{"@context":"https:\/\/schema.org","@graph":[{"@type":"WebPage","@id":"https:\/\/kinesiomag.com\/index.php\/ma-pratique\/seance-tarif\/","url":"https:\/\/kinesiomag.com\/index.php\/ma-pratique\/seance-tarif\/","name":"S\u00e9ance \/ tarif - Magali DE BERNARDO kin\u00e9siologue","isPartOf":{"@id":"https:\/\/kinesiomag.com\/#website"},"primaryImageOfPage":{"@id":"https:\/\/kinesiomag.com\/index.php\/ma-pratique\/seance-tarif\/#primaryimage"},"image":{"@id":"https:\/\/kinesiomag.com\/index.php\/ma-pratique\/seance-tarif\/#primaryimage"},"thumbnailUrl":"http:\/\/kinesiomag.com\/wp-content\/uploads\/2024\/11\/Discussion.jpg","datePublished":"2024-09-17T14:51:07+00:00","dateModified":"2024-11-22T09:54:49+00:00","breadcrumb":{"@id":"https:\/\/kinesiomag.com\/index.php\/ma-pratique\/seance-tarif\/#breadcrumb"},"inLanguage":"en-US","potentialAction":[{"@type":"ReadAction","target":["https:\/\/kinesiomag.com\/index.php\/ma-pratique\/seance-tarif\/"]}]},{"@type":"ImageObject","inLanguage":"en-US","@id":"https:\/\/kinesiomag.com\/index.php\/ma-pratique\/seance-tarif\/#primaryimage","url":"https:\/\/kinesiomag.com\/wp-content\/uploads\/2024\/11\/Discussion.jpg","contentUrl":"https:\/\/kinesiomag.com\/wp-content\/uploads\/2024\/11\/Discussion.jpg","width":225,"height":225},{"@type":"BreadcrumbList","@id":"https:\/\/kinesiomag.com\/index.php\/ma-pratique\/seance-tarif\/#breadcrumb","itemListElement":[{"@type":"ListItem","position":1,"name":"Home","item":"https:\/\/kinesiomag.com\/"},{"@type":"ListItem","position":2,"name":"Ma pratique","item":"https:\/\/kinesiomag.com\/index.php\/ma-pratique\/"},{"@type":"ListItem","position":3,"name":"S\u00e9ance \/ tarif"}]},{"@type":"WebSite","@id":"https:\/\/kinesiomag.com\/#website","url":"https:\/\/kinesiomag.com\/","name":"kinesiomag.com","description":"","publisher":{"@id":"https:\/\/kinesiomag.com\/#\/schema\/person\/1d66dbcf8555669351f8108b71694e79"},"alternateName":"Magali DE BERNARDO kin\u00e9siologue","potentialAction":[{"@type":"SearchAction","target":{"@type":"EntryPoint","urlTemplate":"https:\/\/kinesiomag.com\/?s={search_term_string}"},"query-input":{"@type":"PropertyValueSpecification","valueRequired":true,"valueName":"search_term_string"}}],"inLanguage":"en-US"},{"@type":["Person","Organization"],"@id":"https:\/\/kinesiomag.com\/#\/schema\/person\/1d66dbcf8555669351f8108b71694e79","name":"Magali DE BERNARDO kin\u00e9siologue","image":{"@type":"ImageObject","inLanguage":"en-US","@id":"https:\/\/kinesiomag.com\/#\/schema\/person\/image\/","url":"https:\/\/kinesiomag.com\/wp-content\/uploads\/2024\/09\/cropped-LOGO_1-1.png","contentUrl":"https:\/\/kinesiomag.com\/wp-content\/uploads\/2024\/09\/cropped-LOGO_1-1.png","width":490,"height":485,"caption":"Magali DE BERNARDO kin\u00e9siologue"},"logo":{"@id":"https:\/\/kinesiomag.com\/#\/schema\/person\/image\/"},"sameAs":["http:\/\/kinesiomag.com","https:\/\/www.facebook.com\/people\/Kinsiomag\/61565519487258\/?_rdr","https:\/\/www.instagram.com\/magdb.kinesiologue\/"]}]}},"_links":{"self":[{"href":"https:\/\/kinesiomag.com\/index.php\/wp-json\/wp\/v2\/pages\/109","targetHints":{"allow":["GET"]}}],"collection":[{"href":"https:\/\/kinesiomag.com\/index.php\/wp-json\/wp\/v2\/pages"}],"about":[{"href":"https:\/\/kinesiomag.com\/index.php\/wp-json\/wp\/v2\/types\/page"}],"author":[{"embeddable":true,"href":"https:\/\/kinesiomag.com\/index.php\/wp-json\/wp\/v2\/users\/1"}],"replies":[{"embeddable":true,"href":"https:\/\/kinesiomag.com\/index.php\/wp-json\/wp\/v2\/comments?post=109"}],"version-history":[{"count":25,"href":"https:\/\/kinesiomag.com\/index.php\/wp-json\/wp\/v2\/pages\/109\/revisions"}],"predecessor-version":[{"id":534,"href":"https:\/\/kinesiomag.com\/index.php\/wp-json\/wp\/v2\/pages\/109\/revisions\/534"}],"up":[{"embeddable":true,"href":"https:\/\/kinesiomag.com\/index.php\/wp-json\/wp\/v2\/pages\/106"}],"wp:attachment":[{"href":"https:\/\/kinesiomag.com\/index.php\/wp-json\/wp\/v2\/media?parent=109"}],"curies":[{"name":"wp","href":"https:\/\/api.w.org\/{rel}","templated":true}]}}